{"id":3,"date":"2019-09-06T09:42:01","date_gmt":"2019-09-06T09:42:01","guid":{"rendered":"https:\/\/conseil-accueil-camping-car.fr\/?page_id=3"},"modified":"2023-11-19T14:53:45","modified_gmt":"2023-11-19T14:53:45","slug":"politique-de-confidentialite","status":"publish","type":"page","link":"https:\/\/conseil-accueil-camping-car.fr\/index.php\/politique-de-confidentialite\/","title":{"rendered":"Politique de confidentialit\u00e9"},"content":{"rendered":"\n<h2>Informations g\u00e9n\u00e9rales<\/h2>\n\n\n\n<p>Le site www.conseil-accueil-camping-car.fr est \u00e9dit\u00e9 par : <br><strong>FFCC &#8211; F\u00e9d\u00e9ration Fran\u00e7aise des Campeurs Caravaniers et Camping-caristes<\/strong><br>78, rue de Rivoli &#8211; 75004 PARIS<br><strong>Directeur de la publication :<\/strong> M. Bruno GARANCHER Pr\u00e9sident de la FFCC<br>Ce site web est h\u00e9berg\u00e9 chez <strong>O2Switch<\/strong><\/p>\n\n\n\n<h2>Propri\u00e9t\u00e9 Intellectuelle<\/h2>\n\n\n\n<p>L&rsquo;ensemble de ce site est une \u0153uvre de cr\u00e9ation prot\u00e9g\u00e9e par le droit de la propri\u00e9t\u00e9 intellectuelle. Aucune modification de tout ou partie du contenu n&rsquo;est autoris\u00e9e.<\/p>\n\n\n\n<p>Sauf autorisation de la FFCC, la reproduction ainsi que l&rsquo;utilisation du contenu du site, sa duplication, ou sa diffusion sur quelque support que ce soit sont interdites \u00e0 l&rsquo;exception de la consultation individuelle et priv\u00e9e.<\/p>\n\n\n\n<p>Dans ce cadre, le contenu du site peut faire l&rsquo;objet de citations limit\u00e9es \u00e0 condition que le nom de la FFCC soit clairement cit\u00e9.<\/p>\n\n\n\n<p>Les noms d&rsquo;entreprises ou d&rsquo;organismes, de marques, dessins ou mod\u00e8les ou brevets cit\u00e9s dans les contenus et n&rsquo;appartenant pas \u00e0 la FFCC restent la propri\u00e9t\u00e9 de leurs propri\u00e9taires respectifs.<\/p>\n\n\n\n<h2>Contenu<\/h2>\n\n\n\n<p>La FFCC est susceptible, sans avertissement pr\u00e9alable de corriger et de modifier le contenu de ce site \u00e0 tout moment.<\/p>\n\n\n\n<p>La FFCC ne garantit en aucune mani\u00e8re ni l&rsquo;exactitude ni l&rsquo;exhaustivit\u00e9 des informations offertes sur www.ffcc.fr. Le site est susceptible de pr\u00e9senter des impr\u00e9cisions techniques, factuelles ou des erreurs typographiques.<\/p>\n\n\n\n<p>La FFCC d\u00e9cline toute responsabilit\u00e9 pour tous dommages directs et indirects, quelles qu&rsquo;en soient les causes, origines, nature ou cons\u00e9quence, en raison de l&rsquo;acc\u00e8s \u00e0 ce site ou de l&rsquo;impossibilit\u00e9 d&rsquo;y acc\u00e9der, de m\u00eame que de l&rsquo;utilisation du site&nbsp;www.ffcc.fr&nbsp;et\/ou du cr\u00e9dit accord\u00e9 \u00e0 une quelconque information qui en est directement ou indirectement retir\u00e9e.<\/p>\n\n\n\n<h2>Liens externes<\/h2>\n\n\n\n<p>Les liens hypertextes disponibles sur le site de la FFCC peuvent orienter l&rsquo;internaute vers des sites ext\u00e9rieurs dont le contenu ne peut en aucune mani\u00e8re engager la responsabilit\u00e9 de la FFCC.<\/p>\n\n\n\n<h2>Stockage d&rsquo;informations sur la navigation \u00ab\u00a0Cookies\u00a0\u00bb<\/h2>\n\n\n\n<p>En conformit\u00e9 avec l\u2019article 5 de la directive 2002\/58\/CE modifi\u00e9 par la directive 2009\/136\/CE l\u2019implantation de cookies est strictement n\u00e9cessaire pour la d\u00e9livrance d\u2019un service de la soci\u00e9t\u00e9 de l\u2019information express\u00e9ment demand\u00e9 par l\u2019Utilisateur. Ainsi, la poursuite de la navigation sur le Site vaut accord pour le d\u00e9p\u00f4t de cookies sur le terminal de l\u2019Utilisateur. Les cookies implant\u00e9s par le Site permettent de stocker des informations relatives \u00e0 la navigation sur le site (dates, pages, heures, etc.) et de stocker des donn\u00e9es saisies par l\u2019Utilisateur au cours de sa visite (notamment recherches, login, email, mot de passe) afin de proposer \u00e0 l\u2019Utilisateur une exp\u00e9rience de navigation optimale sur le Site et\/ou lors de l\u2019utilisation des services de la FFCC.<\/p>\n\n\n\n<p>L\u2019Utilisateur dispose de la possibilit\u00e9 de bloquer, modifier la dur\u00e9e de conservation ou de supprimer les cookies. L\u2019Utilisateur peut s\u2019opposer \u00e0 l\u2019enregistrement de \u00ab cookies \u00bb en configurant son logiciel de navigation internet \u00e0 cet effet (g\u00e9n\u00e9ralement : outils ou options \/ vie priv\u00e9e ou confidentialit\u00e9 \/ cookies). En cas de blocage ou de suppression des cookies, la navigation ne pourra pas \u00eatre optimis\u00e9e. Certaines fonctionnalit\u00e9s n\u00e9cessitant l\u2019utilisation de cookies pourront notamment \u00eatre indisponibles ou d\u00e9sactiv\u00e9es<\/p>\n\n\n\n<h2>Droit applicable<\/h2>\n\n\n\n<p>Les pr\u00e9sentes conditions g\u00e9n\u00e9rales d\u2019utilisations sont soumises au droit fran\u00e7ais. La langue utilis\u00e9e sur ce site est le fran\u00e7ais. En cas de litige, les tribunaux fran\u00e7ais seront seuls comp\u00e9tents.<\/p>\n","protected":false},"excerpt":{"rendered":"<p>Informations g\u00e9n\u00e9rales Le site www.conseil-accueil-camping-car.fr est \u00e9dit\u00e9 par : FFCC &#8211; F\u00e9d\u00e9ration Fran\u00e7aise des Campeurs Caravaniers et Camping-caristes78, rue de Rivoli &#8211; 75004 PARISDirecteur de la publication : M. Bruno [&hellip;]<\/p>\n","protected":false},"author":1,"featured_media":0,"parent":0,"menu_order":0,"comment_status":"closed","ping_status":"open","template":"","meta":{"advgb_blocks_editor_width":"","advgb_blocks_columns_visual_guide":""},"coauthors":[],"author_meta":{"author_link":"https:\/\/conseil-accueil-camping-car.fr\/index.php\/author\/carine\/","display_name":"admin"},"relative_dates":{"created":"Publi\u00e9 7 ans il y a","modified":"Mis \u00e0 jour 2 ans il y a"},"absolute_dates":{"created":"Publi\u00e9 le septembre 6, 2019","modified":"Mise \u00e0 jour le novembre 19, 2023"},"absolute_dates_time":{"created":"Publi\u00e9 le septembre 6, 2019 9:42  ","modified":"Mise \u00e0 jour le novembre 19, 2023 2:53  "},"featured_img_caption":"","featured_img":false,"featured_image_src":null,"featured_image_src_square":null,"uagb_featured_image_src":{"full":false,"thumbnail":false,"medium":false,"medium_large":false,"large":false,"1536x1536":false,"2048x2048":false,"ab-block-post-grid-landscape":false,"ab-block-post-grid-square":false,"qb-block-post-grid-landscape":false,"qb-block-post-grid-square":false,"legaleagle-post-standard":false,"legaleagle-post-grid":false,"legaleagle-post-list":false,"legaleagle-post-widget":false,"legaleagle-team-single":false,"legaleagle-team":false,"legaleagle-team2":false,"legaleagle-service":false},"uagb_author_info":{"display_name":"admin","author_link":"https:\/\/conseil-accueil-camping-car.fr\/index.php\/author\/carine\/"},"uagb_comment_info":0,"uagb_excerpt":"Informations g\u00e9n\u00e9rales Le site www.conseil-accueil-camping-car.fr est \u00e9dit\u00e9 par : FFCC &#8211; F\u00e9d\u00e9ration Fran\u00e7aise des Campeurs Caravaniers et Camping-caristes78, rue de Rivoli &#8211; 75004 PARISDirecteur de la publication : M. Bruno [&hellip;]","yoast_head":"<!-- This site is optimized with the Yoast SEO plugin v15.2.1 - https:\/\/yoast.com\/wordpress\/plugins\/seo\/ -->\n<title>Politique de confidentialit\u00e9 - CACC<\/title>\n<meta name=\"robots\" content=\"index, follow, max-snippet:-1, max-image-preview:large, max-video-preview:-1\" \/>\n<link rel=\"canonical\" href=\"https:\/\/conseil-accueil-camping-car.fr\/index.php\/politique-de-confidentialite\/\" \/>\n<meta property=\"og:locale\" content=\"fr_FR\" \/>\n<meta property=\"og:type\" content=\"article\" \/>\n<meta property=\"og:title\" content=\"Politique de confidentialit\u00e9 - CACC\" \/>\n<meta property=\"og:description\" content=\"Informations g\u00e9n\u00e9rales Le site www.conseil-accueil-camping-car.fr est \u00e9dit\u00e9 par : FFCC &#8211; F\u00e9d\u00e9ration Fran\u00e7aise des Campeurs Caravaniers et Camping-caristes78, rue de Rivoli &#8211; 75004 PARISDirecteur de la publication : M. Bruno [&hellip;]\" \/>\n<meta property=\"og:url\" content=\"https:\/\/conseil-accueil-camping-car.fr\/index.php\/politique-de-confidentialite\/\" \/>\n<meta property=\"og:site_name\" content=\"CACC\" \/>\n<meta property=\"article:modified_time\" content=\"2023-11-19T14:53:45+00:00\" \/>\n<meta name=\"twitter:card\" content=\"summary_large_image\" \/>\n<meta name=\"twitter:label1\" content=\"\u00c9crit par\">\n\t<meta name=\"twitter:data1\" content=\"admin\">\n\t<meta name=\"twitter:label2\" content=\"Dur\u00e9e de lecture est.\">\n\t<meta name=\"twitter:data2\" content=\"2 minutes\">\n<script type=\"application\/ld+json\" class=\"yoast-schema-graph\">{\"@context\":\"https:\/\/schema.org\",\"@graph\":[{\"@type\":\"WebSite\",\"@id\":\"https:\/\/conseil-accueil-camping-car.fr\/#website\",\"url\":\"https:\/\/conseil-accueil-camping-car.fr\/\",\"name\":\"CACC\",\"description\":\"Des experts \\u00e0 votre service\",\"potentialAction\":[{\"@type\":\"SearchAction\",\"target\":\"https:\/\/conseil-accueil-camping-car.fr\/?s={search_term_string}\",\"query-input\":\"required name=search_term_string\"}],\"inLanguage\":\"fr-FR\"},{\"@type\":\"WebPage\",\"@id\":\"https:\/\/conseil-accueil-camping-car.fr\/index.php\/politique-de-confidentialite\/#webpage\",\"url\":\"https:\/\/conseil-accueil-camping-car.fr\/index.php\/politique-de-confidentialite\/\",\"name\":\"Politique de confidentialit\\u00e9 - CACC\",\"isPartOf\":{\"@id\":\"https:\/\/conseil-accueil-camping-car.fr\/#website\"},\"datePublished\":\"2019-09-06T09:42:01+00:00\",\"dateModified\":\"2023-11-19T14:53:45+00:00\",\"breadcrumb\":{\"@id\":\"https:\/\/conseil-accueil-camping-car.fr\/index.php\/politique-de-confidentialite\/#breadcrumb\"},\"inLanguage\":\"fr-FR\",\"potentialAction\":[{\"@type\":\"ReadAction\",\"target\":[\"https:\/\/conseil-accueil-camping-car.fr\/index.php\/politique-de-confidentialite\/\"]}]},{\"@type\":\"BreadcrumbList\",\"@id\":\"https:\/\/conseil-accueil-camping-car.fr\/index.php\/politique-de-confidentialite\/#breadcrumb\",\"itemListElement\":[{\"@type\":\"ListItem\",\"position\":1,\"item\":{\"@type\":\"WebPage\",\"@id\":\"https:\/\/conseil-accueil-camping-car.fr\/\",\"url\":\"https:\/\/conseil-accueil-camping-car.fr\/\",\"name\":\"Accueil\"}},{\"@type\":\"ListItem\",\"position\":2,\"item\":{\"@type\":\"WebPage\",\"@id\":\"https:\/\/conseil-accueil-camping-car.fr\/index.php\/politique-de-confidentialite\/\",\"url\":\"https:\/\/conseil-accueil-camping-car.fr\/index.php\/politique-de-confidentialite\/\",\"name\":\"Politique de confidentialit\\u00e9\"}}]}]}<\/script>\n<!-- \/ Yoast SEO plugin. -->","_links":{"self":[{"href":"https:\/\/conseil-accueil-camping-car.fr\/index.php\/wp-json\/wp\/v2\/pages\/3"}],"collection":[{"href":"https:\/\/conseil-accueil-camping-car.fr\/index.php\/wp-json\/wp\/v2\/pages"}],"about":[{"href":"https:\/\/conseil-accueil-camping-car.fr\/index.php\/wp-json\/wp\/v2\/types\/page"}],"author":[{"embeddable":true,"href":"https:\/\/conseil-accueil-camping-car.fr\/index.php\/wp-json\/wp\/v2\/users\/1"}],"replies":[{"embeddable":true,"href":"https:\/\/conseil-accueil-camping-car.fr\/index.php\/wp-json\/wp\/v2\/comments?post=3"}],"version-history":[{"count":4,"href":"https:\/\/conseil-accueil-camping-car.fr\/index.php\/wp-json\/wp\/v2\/pages\/3\/revisions"}],"predecessor-version":[{"id":1384,"href":"https:\/\/conseil-accueil-camping-car.fr\/index.php\/wp-json\/wp\/v2\/pages\/3\/revisions\/1384"}],"wp:attachment":[{"href":"https:\/\/conseil-accueil-camping-car.fr\/index.php\/wp-json\/wp\/v2\/media?parent=3"}],"curies":[{"name":"wp","href":"https:\/\/api.w.org\/{rel}","templated":true}]}}